y 2?
0
What is the remainder when 8055 is divided by 1150?
5
Calculate the remainder when 11675 is divided by 1167.
5
What is the remainder when 3423 is divided by 213?
15
What is the remainder when 57762 is divided by 101?
91
What is the remainder when 31349 is divided by 15637?
75
What is the remainder when 267014 is divided by 270?
254
Calculate the remainder when 42131 is divided by 86.
77
What is the remainder when 698603 is divided by 929?
924
What is the remainder when 26882 is divided by 448?
2
Calculate the remainder when 53549 is divided by 4868.
1
What is the remainder when 6694 is divided by 2227?
13
Calculate the remainder when 24717 is divided by 424.
125
What is the remainder when 23028 is divided by 51?
27
What is the remainder when 1302 is divided by 94?
80
What is the remainder when 43387 is divided by 1602?
133
What is the remainder when 16152 is divided by 5133?
753
What is the remainder when 1595 is divided by 1578?
17
Calculate the remainder when 17016 is divided by 254.
252
What is the remainder when 133067 is divided by 39?
38
Calculate the remainder when 46457 is divided by 831.
752
Calculate the remainder when 177139 is divided by 175.
39
What is the remainder when 613 is divided by 99?
19
What is the remainder when 1628 is divided by 263?
50
Calculate the remainder when 4697085 is divided by 1056.
1053
What is the remainder when 2902 is divided by 2230?
672
What is the remainder when 65226 is divided by 65222?
4
What is the remainder when 73641 is divided by 1023?
1008
Calculate the remainder when 134627 is divided by 134622.
5
What is the remainder when 50152 is divided by 69?
58
What is the remainder when 11331 is divided by 2188?
391
Calculate the remainder when 20417 is divided by 818.
785
What is the remainder when 2337 is divided by 99?
60
What is the remainder when 61003 is divided by 24?
19
Calculate the remainder when 2973 is divided by 22.
3
What is the remainder when 117774 is divided by 1294?
20
Calculate the remainder when 3262 is divided by 11.
6
Calculate the remainder when 40013 is divided by 52.
25
Calculate the remainder when 1039 is divided by 518.
3
Calculate the remainder when 33137 is divided by 170.
157
Calculate the remainder when 31958 is divided by 3539.
107
Calculate the remainder when 319 is divided by 96.
31
Calculate the remainder when 13976 is divided by 1190.
886
Calculate the remainder when 3291 is divided by 224.
155
Calculate the remainder when 62927 is divided by 567.
557
What is the remainder when 2480 is divided by 208?
192
What is the remainder when 99826 is divided by 188?
186
Calculate the remainder when 89496 is divided by 21.
15
What is the remainder when 4812 is divided by 52?
28
Calculate the remainder when 945726 is divided by 472853.
20
What is the remainder when 134441 is divided by 61?
58
Calculate the remainder when 94298 is divided by 50.
48
What is the remainder when 926 is divided by 605?
321
Calculate the remainder when 44427 is divided by 10.
7
What is the remainder when 31596 is divided by 6316?
16
What is the remainder when 2851 is divided by 46?
45
Calculate the remainder when 796269 is divided by 693.
12
Calculate the remainder when 158559 is divided by 672.
639
Calculate the remainder when 25141 is divided by 280.
221
Calculate the remainder when 465996 is divided by 1246.
1238
Calculate the remainder when 2779 is divided by 99.
7
What is the remainder when 3747 is divided by 695?
272
Calculate the remainder when 47695 is divided by 103.
6
What is the remainder when 218909 is divided by 129?
125
Calculate the remainder when 824170 is divided by 692.
690
What is the remainder when 112675 is divided by 9?
4
What is the remainder when 11310 is divided by 298?
284
What is the remainder when 3343 is divided by 261?
211
What is the remainder when 7620 is divided by 1896?
36
Calculate the remainder when 8665 is divided by 2155.
45
Calculate the remainder when 3350 is divided by 408.
86
What is the remainder when 39820 is divided by 5678?
74
Calculate the remainder when 9430 is divided by 274.
114
What is the remainder when 667887 is divided by 16?
15
What is the remainder when 48197 is divided by 219?
17
What is the remainder when 2804 is divided by 284?
248
What is the remainder when 1286686 is divided by 624?
622
Calculate the remainder when 278959 is divided by 21458.
5
What is the remainder when 89463 is divided by 8?
7
What is the remainder when 220 is divided by 45?
40
Calculate the remainder when 1061720 is divided by 353906.
2
Calculate the remainder when 1255589 is divided by 20.
9
What is the remainder when 18609 is divided by 405?
384
Calculate the remainder when 220088 is divided by 76.
68
What is the remainder when 203586 is divided by 203564?
22
Calculate the remainder when 536839 is divided by 51.
13
Calculate the remainder when 5876 is divided by 61.
20
Calculate the remainder when 33634 is divided by 51.
25
Calculate the remainder when 5730 is divided by 1810.
300
Calculate the remainder when 95329 is divided by 153.
10
What is the remainder when 945986 is divided by 46?
42
What is the remainder when 5570 is divided by 550?
70
What is the remainder when 3670212 is divided by 1167?
1164
What is the remainder when 261546 is divided by 16346?
10
What is the remainder when 460696 is divided by 133?
117
Calculate the remainder when 9044 is divided by 167.
26
Calculate the remainder when 1332 is divided by 151.
124
Calculate the remainder when 5841 is divided by 837.
819
Calculate the remainder when 7072 is divided by 2337.
61
What is the remainder when 72908 is divided by 12100?
308
Calculate the remainder when 19384 is divided by 57.
4
What is the remainder when 798 is divided by 399?
0
What is the remainder when 1994 is divided by 395?
19
Calculate the remainder when 21016 is divided by 2100.
16
Calculate the remainder when 3333775 is divided by 278.
277
What is the remainder when 341201 is divided by 69?
65
What is the remainder when 22490 is divided by 66?
50
Calculate the remainder when 358126 is divided by 144.
142
Calculate the remainder when 102677 is divided by 642.
599
What is the remainder when 593344 is divided by 23?
13
What is the remainder when 3983 is divided by 243?
95
Calculate the remainder when 4581 is divided by 982.
653
What is the remainder when 16614 is divided by 8228?
158
What is the remainder when 42152 is divided by 10535?
12
Calculate the remainder when 3947 is divided by 1237.
236
Calculate the remainder when 6883 is divided by 6878.
5
What is the remainder when 111983 is divided by 1098?
1085
What is the remainder when 279 is divided by 68?
7
What is the remainder when 8946 is divided by 157?
154
What is the remainder when 46609 is divided by 46439?
170
Calculate the remainder when 72385 is divided by 17.
16
What is the remainder when 9002 is divided by 101?
13
Calculate the remainder when 72207 is divided by 435.
432
What is the remainder when 418890 is divided by 107?
92
Calculate the remainder when 136761 is divided by 136761.
0
Calculate the remainder when 25194 is divided by 327.
15
What is the remainder when 26728 is divided by 81?
79
Calculate the remainder when 91425 is divided by 87.
75
Calculate the remainder when 5859 is divided by 53.
29
What is the remainder when 40373 is divided by 475?
473
What is the remainder when 1081799 is divided by 270447?
11
What is the remainder when 4060 is divided by 1342?
34
Calculate the remainder when 1995 is divided by 663.
6
Calculate the remainder when 14844 is divided by 1176.
732
Calculate the remainder when 40588 is divided by 8.
4
Calculate the remainder when 23433 is divided by 384.
9
What is the remainder when 1101 is divided by 138?
135
Calculate the remainder when 819 is divided by 494.
325
Calculate the remainder when 52892 is divided by 407.
389
Calculate the remainder when 2311 is divided by 248.
79
What is the remainder when 17167 is divided by 250?
167
Calculate the remainder when 31825 is divided by 62.
19
Calculate the remainder when 6155 is divided by 27.
26
Calculate the remainder when 417 is divided by 11.
10
Calculate the remainder when 1075 is divided by 106.
15
Calculate the remainder when 57805 is divided by 1562.
11
What is the remainder when 26932